{"id":217,"date":"2014-09-12T15:25:14","date_gmt":"2014-09-12T13:25:14","guid":{"rendered":"http:\/\/www.pixelpentagon.com\/?page_id=217"},"modified":"2015-02-14T14:02:43","modified_gmt":"2015-02-14T12:02:43","slug":"webentwicklung","status":"publish","type":"page","link":"https:\/\/www.pixelpentagon.com\/?page_id=217","title":{"rendered":"Webentwicklung"},"content":{"rendered":"<p>[et_pb_section][et_pb_row][et_pb_column type=&#8220;4_4&#8243;][et_pb_image admin_label=&#8220;Image&#8220; src=&#8220;http:\/\/www.pixelpentagon.com\/wp-content\/uploads\/2014\/09\/webdesign.jpg&#8220; show_in_lightbox=&#8220;on&#8220; url_new_window=&#8220;off&#8220; animation=&#8220;fade_in&#8220; sticky=&#8220;off&#8220; \/][\/et_pb_column][\/et_pb_row][et_pb_row][et_pb_column type=&#8220;4_4&#8243;][et_pb_divider admin_label=&#8220;Divider&#8220; color=&#8220;#ffffff&#8220; show_divider=&#8220;off&#8220; height=&#8220;20&#8243; \/][et_pb_blurb admin_label=&#8220;Blurb&#8220; title=&#8220;Ein Logo ist dann gut, wenn man es mit dem grossen Zeh in den Sand kratzen kann&#8220; url_new_window=&#8220;off&#8220; use_icon=&#8220;on&#8220; font_icon=&#8220;\ue06a&#8220; icon_color=&#8220;#dd3333&#8243; use_circle=&#8220;off&#8220; circle_color=&#8220;#ffffff&#8220; use_circle_border=&#8220;off&#8220; circle_border_color=&#8220;#2EA3F2&#8243; icon_placement=&#8220;top&#8220; animation=&#8220;top&#8220; background_layout=&#8220;light&#8220; text_orientation=&#8220;center&#8220;]<\/p>\n<p>Kurt Weidemann, Typograph, Gestalter<\/p>\n<p>[\/et_pb_blurb][et_pb_divider admin_label=&#8220;Divider&#8220; color=&#8220;#ffffff&#8220; show_divider=&#8220;off&#8220; height=&#8220;20&#8243; \/][\/et_pb_column][\/et_pb_row][et_pb_row][et_pb_column type=&#8220;1_2&#8243;][et_pb_image admin_label=&#8220;Image&#8220; src=&#8220;http:\/\/www.pixelpentagon.com\/wp-content\/uploads\/2014\/09\/Fotolia_56504931_M.jpg&#8220; show_in_lightbox=&#8220;off&#8220; url_new_window=&#8220;off&#8220; animation=&#8220;left&#8220; sticky=&#8220;off&#8220; \/][et_pb_text admin_label=&#8220;Text&#8220; background_layout=&#8220;light&#8220; text_orientation=&#8220;left&#8220;]<\/p>\n<h1 class=\"main_title\">Konzept &amp; Design<\/h1>\n<div class=\"entry-content\">\n<h3>Konzeption<\/h3>\n<p>Jeder Handlung geht ein psychologisches Motiv voraus. Doch auch das optische Motiv hat online die Bedeutung das Ziel einer Handlung visuell begleitend zu initiieren. Konzeption und Design sind daher unter dem Aspekt des Motivs verwandt. Wir als kleiner Dienstleister\u00a0versuchen dem individuellen Kundenwunsch auf dieser Basis gerecht zu werden, unabh\u00e4ngig ob es sich um eine Standardwebsite als bessere Visitenkarte im Netz oder ein komplexes Onlinetrainingsportal handelt.<\/p>\n<h3>Design im Web<\/h3>\n<p>Das Design- oder Gestaltungskonzept entscheidet\u00a0im Bereich Internet &amp; Multimedia \u00fcber Erfolg oder Mi\u00dferfolg.\u00a0Pixelpentagon erstellt neben Logo- und Corporate Design auch interaktive und grafische Benutzeroberfl\u00e4chen f\u00fcr Webseiten, Webshops,\u00a0eLearning-Interfaces &#8211; wenn n\u00f6tig auch nervige HTML5 Banner.<\/p>\n<\/div>\n<p>[\/et_pb_text][\/et_pb_column][et_pb_column type=&#8220;1_2&#8243;][et_pb_image admin_label=&#8220;Image&#8220; src=&#8220;http:\/\/www.pixelpentagon.com\/wp-content\/uploads\/2014\/09\/seo.jpg&#8220; show_in_lightbox=&#8220;off&#8220; url_new_window=&#8220;off&#8220; animation=&#8220;left&#8220; sticky=&#8220;off&#8220; \/][et_pb_text admin_label=&#8220;Text&#8220; background_layout=&#8220;light&#8220; text_orientation=&#8220;left&#8220;]<\/p>\n<h1 class=\"main_title\">Marketing, SEO &amp; SEM<\/h1>\n<div class=\"entry-content\">\n<h3>Strategische Taktik<\/h3>\n<p>Ohne Marketing verstaubt auch das Weltbeste Produkt im Keller. Ein Produkt ist deshalb nur so gut wie seine Vermarktung. Nicht umsonst, geben selbst Top Brands dieser Welt, Millionen aus um das Produkt bei den Kunden im Ged\u00e4chtnis zu halten. Marketing ist deshalb die g\u00e4ngige Strategie, mit der ein Sender (=Vermarkter) Inhalte \u00fcber ein Medium (Online &amp; Offline) so an einen Empf\u00e4nger (=Kunde) kommuniziert, dass dieser in seiner Handlung (=Kauf) zum Zwecke (=Profitmaximierung) des Senders agiert. Selbstverst\u00e4ndlich nutzt Pixelpentagon wichtigen strategischen Taktiken f\u00fcr Ihren Erfolg Ihres Produktes und\/oder Dienstleistung.<\/p>\n<p>The Classic Crossover<\/p>\n<blockquote><p>-Online-Marketing-Strategie<br \/>\n-Suchmaschinen-Optimierung<br \/>\n-Suchmaschinen-Marketing<br \/>\n-Social Media Marketing<br \/>\n-Virales Marketing<br \/>\n-Newsletter-Marketing<br \/>\n-Affiliate Marketing<\/p><\/blockquote>\n<\/div>\n<p>[\/et_pb_text][\/et_pb_column][\/et_pb_row][\/et_pb_section][et_pb_section fullwidth=&#8220;on&#8220; specialty=&#8220;off&#8220;][et_pb_fullwidth_menu admin_label=&#8220;Fullwidth Menu&#8220; menu_id=&#8220;9&#8243; background_color=&#8220;#ffffff&#8220; background_layout=&#8220;light&#8220; text_orientation=&#8220;left&#8220; \/][\/et_pb_section]<\/p>\n","protected":false},"excerpt":{"rendered":"<p><div class=\"et_pb_section et_pb_section_0 et_section_regular\" >\n\t\t\t\t\n\t\t\t\t\n\t\t\t\t\n\t\t\t\t\n\t\t\t\t\n\t\t\t\t\n\t\t\t\t\n\t\t\t\t\n\t\t\t\t\n\t\t\t<\/div><div class=\"et_pb_row et_pb_row_0 et_pb_row_empty\">\n\t\t\t\t\n\t\t\t\t\n\t\t\t\t\n\t\t\t\t\n\t\t\t\t\n\t\t\t<\/div><div class=\"et_pb_row et_pb_row_1 et_pb_row_empty\">\n\t\t\t\t\n\t\t\t\t\n\t\t\t\t\n\t\t\t\t\n\t\t\t\t\n\t\t\t<\/div> Kurt Weidemann, Typograph, Gestalter <div class=\"et_pb_row et_pb_row_2 et_pb_row_empty\">\n\t\t\t\t\n\t\t\t\t\n\t\t\t\t\n\t\t\t\t\n\t\t\t\t\n\t\t\t<\/div> Konzept &amp; Design Konzeption Jeder Handlung geht ein psychologisches Motiv voraus. Doch auch das optische Motiv hat online die Bedeutung das Ziel einer Handlung visuell begleitend zu initiieren. Konzeption und Design sind daher unter dem Aspekt des Motivs verwandt. Wir als kleiner Dienstleister\u00a0versuchen dem individuellen Kundenwunsch auf dieser Basis [&hellip;]<\/p>\n","protected":false},"author":1,"featured_media":0,"parent":0,"menu_order":0,"comment_status":"open","ping_status":"open","template":"","meta":{"_et_pb_use_builder":"on","_et_pb_old_content":"<p>Page Webentwicklung<\/p>","_et_gb_content_width":"","footnotes":""},"class_list":["post-217","page","type-page","status-publish","hentry"],"_links":{"self":[{"href":"https:\/\/www.pixelpentagon.com\/index.php?rest_route=\/wp\/v2\/pages\/217","targetHints":{"allow":["GET"]}}],"collection":[{"href":"https:\/\/www.pixelpentagon.com\/index.php?rest_route=\/wp\/v2\/pages"}],"about":[{"href":"https:\/\/www.pixelpentagon.com\/index.php?rest_route=\/wp\/v2\/types\/page"}],"author":[{"embeddable":true,"href":"https:\/\/www.pixelpentagon.com\/index.php?rest_route=\/wp\/v2\/users\/1"}],"replies":[{"embeddable":true,"href":"https:\/\/www.pixelpentagon.com\/index.php?rest_route=%2Fwp%2Fv2%2Fcomments&post=217"}],"version-history":[{"count":34,"href":"https:\/\/www.pixelpentagon.com\/index.php?rest_route=\/wp\/v2\/pages\/217\/revisions"}],"predecessor-version":[{"id":752,"href":"https:\/\/www.pixelpentagon.com\/index.php?rest_route=\/wp\/v2\/pages\/217\/revisions\/752"}],"wp:attachment":[{"href":"https:\/\/www.pixelpentagon.com\/index.php?rest_route=%2Fwp%2Fv2%2Fmedia&parent=217"}],"curies":[{"name":"wp","href":"https:\/\/api.w.org\/{rel}","templated":true}]}}