{"id":225,"date":"2014-09-12T15:31:25","date_gmt":"2014-09-12T13:31:25","guid":{"rendered":"http:\/\/www.pixelpentagon.com\/?page_id=225"},"modified":"2015-02-11T19:32:30","modified_gmt":"2015-02-11T17:32:30","slug":"jobs","status":"publish","type":"page","link":"https:\/\/www.pixelpentagon.com\/?page_id=225","title":{"rendered":"Jobs"},"content":{"rendered":"<p>[et_pb_section background_color=&#8220;#6aceb6&#8243; inner_shadow=&#8220;on&#8220; fullwidth=&#8220;on&#8220; transparent_background=&#8220;off&#8220; parallax=&#8220;off&#8220; parallax_method=&#8220;off&#8220; background_image=&#8220;http:\/\/www.pixelpentagon.com\/wp-content\/uploads\/2014\/09\/bgjobs.jpg&#8220;][et_pb_fullwidth_header admin_label=&#8220;Fullwidth Header&#8220; title=&#8220;Wir brauchen Dich!&#8220; background_layout=&#8220;dark&#8220; text_orientation=&#8220;left&#8220; subhead=&#8220;Im Team. Als Entwickler &amp; Querdenker.&#8220; \/][\/et_pb_section][et_pb_section][et_pb_row][et_pb_column type=&#8220;2_3&#8243;][et_pb_text admin_label=&#8220;Text&#8220; background_layout=&#8220;light&#8220; text_orientation=&#8220;left&#8220;]<\/p>\n<h2>Webanwendungsentwickler\/in<\/h2>\n<p>Deine Aufgaben:\u202c<br \/>\n\u202a- Entwicklung moderner Web-Frontends\u202c<br \/>\n\u202a- Erstellung von Responsive-Webseiten\u202c<br \/>\n\u202a- Entwicklung von skalierbaren Internetplattformen und eCommerce Projekten auf Basis von Drupal, TYPO3, Magento\u202c und WP<br \/>\n\u202a- Mitwirken bei Projektplanung und Aufwandssch\u00e4tzung f\u00fcr anstehende Projekte\u202c<br \/>\n\u202a- Schnittstellenentwicklung zu Fremdsystemen (SOAP, REST, XML)\u202c<\/p>\n<p>\u202aDu zeichnest dich aus durch:\u202c<br \/>\n\u202a- Gute Kenntnisse im Bereich der Webtechnologien (XHTML, XML, CSS)\u202c<br \/>\n\u202a- Erfahrungen in PHP, MySQL und JavaScript\u202c<br \/>\n\u202a- Erfahrung mit Content Management Systemen, speziell WordPress, Drupal und TYPO3\u202c<br \/>\n\u202a- Eigenst\u00e4ndige und l\u00f6sungsorientierte Arbeitsweise\u202c<br \/>\n\u202a- Teamf\u00e4higkeit, Flexibilit\u00e4t &amp; Lernf\u00e4higkeit\u202c<br \/>\n\u202a- Sicheres Auftreten im direkten Umgang mit Kunden\u202c<\/p>\n<p>\u202aW\u00fcnschenswert:\u202c<br \/>\n\u202a- Linux\/Unix-Kenntnisse\u202c<br \/>\n\u202a- Erfahrung im Umgang mit Versionskontroll- und Bugtrackingsystemen (git, svn)\u202c<br \/>\n\u202a- Erfahrungen im Bereich der mobilen App-Entwicklung (iOS und Android)\u202c<br \/>\n\u202a- Erfahrung im Bereich Responsive-Webdesign\u202c<br \/>\n\u202a- Englisch in Wort und Schrift\u202c<br \/>\n\u202a- Grundkenntnisse im Bereich SEO und SEM\u202c[\/et_pb_text][\/et_pb_column][et_pb_column type=&#8220;1_3&#8243;][et_pb_image admin_label=&#8220;Image&#8220; src=&#8220;http:\/\/www.pixelpentagon.com\/wp-content\/uploads\/2014\/09\/facefront_temp3.jpg&#8220; show_in_lightbox=&#8220;off&#8220; url_new_window=&#8220;off&#8220; animation=&#8220;fade_in&#8220; sticky=&#8220;off&#8220; \/][et_pb_counters admin_label=&#8220;Bar Counters&#8220; background_layout=&#8220;light&#8220; background_color=&#8220;#dddddd&#8220; bar_bg_color=&#8220;#2EA3F2&#8243;][et_pb_counter percent=&#8220;75&#8243;]Linux \/ Bash[\/et_pb_counter][et_pb_counter percent=&#8220;90&#8243;]Web Programming \/ PHP\/JSP\/MySQL\/&#8230;[\/et_pb_counter][et_pb_counter percent=&#8220;25&#8243;]Internet Marketing \/ SEO[\/et_pb_counter][\/et_pb_counters][\/et_pb_column][\/et_pb_row][et_pb_row][et_pb_column type=&#8220;2_3&#8243;][et_pb_text admin_label=&#8220;Text&#8220; background_layout=&#8220;light&#8220; text_orientation=&#8220;left&#8220;]<\/p>\n<h2>Android Entwickler (m\/w)<\/h2>\n<p>&nbsp;<\/p>\n<p>Deine Aufgaben<br \/>\n&#8211; Entwicklung von komplexen mobilen Anwendungen f\u00fcr Android Ger\u00e4te<br \/>\n&#8211; Durchf\u00fchrung von Anforderungsanalysen<\/p>\n<p>Das zeichnet Dich aus<br \/>\n&#8211; eine hohe Grundmotivation und Begeisterungsf\u00e4higkeit<br \/>\n&#8211; Umfangreiche Erfahrung mit Java sowie grundlegendes Verst\u00e4ndnis von C\/C++<br \/>\n&#8211; Gutes Verst\u00e4ndnis von objektorientierten Konzepten<br \/>\n&#8211; Praktische Erfahrung in Linux und Android Umgebungen<br \/>\n&#8211; Gute Kenntnisse der Android Anwendungs Konzepte (App, GUI, Activity, Services, Messages etc.) und der API<br \/>\n&#8211; Grundkenntnisse in XML und UML sowie der Android Internals<br \/>\n&#8211; Kenntnisse anderer mobiler (i)OS von Vorteil<br \/>\n&#8211; F\u00e4higkeit, kreative und unkonventionelle L\u00f6sungen zu finden<br \/>\n&#8211; L\u00f6sungsorientierte und proaktive Arbeitsweise<br \/>\n&#8211; Gro\u00dfes Interesse an den neuesten Technologien und ausgepr\u00e4gte Lernbereitschaft<br \/>\n&#8211; Gute Englischkenntnisse[\/et_pb_text][\/et_pb_column][et_pb_column type=&#8220;1_3&#8243;][et_pb_image admin_label=&#8220;Image&#8220; src=&#8220;http:\/\/www.pixelpentagon.com\/wp-content\/uploads\/2014\/09\/facefront_temp.jpg&#8220; show_in_lightbox=&#8220;off&#8220; url_new_window=&#8220;off&#8220; animation=&#8220;right&#8220; sticky=&#8220;off&#8220; \/][et_pb_counters admin_label=&#8220;Bar Counters&#8220; background_layout=&#8220;light&#8220; background_color=&#8220;#dddddd&#8220; bar_bg_color=&#8220;#2EA3F2&#8243;][et_pb_counter percent=&#8220;98&#8243;]Programming Skills &#8211; C++ \/ Java[\/et_pb_counter][et_pb_counter percent=&#8220;80&#8243;]HTML5 Framework PhoneGap[\/et_pb_counter][et_pb_counter percent=&#8220;80&#8243;]C#.NET Framework Xamarin[\/et_pb_counter][et_pb_counter percent=&#8220;60&#8243;]Corona SDK[\/et_pb_counter][\/et_pb_counters][\/et_pb_column][\/et_pb_row][et_pb_row][et_pb_column type=&#8220;2_3&#8243;][et_pb_text admin_label=&#8220;Text&#8220; background_layout=&#8220;light&#8220; text_orientation=&#8220;left&#8220;]<\/p>\n<h2>C++\/VC\/C#\/Java Entwickler<\/h2>\n<p>Deine Aufgaben<br \/>\n&#8211; Konzeptionierung und Umsetzung von Softwareprojekten aller Art, Monitoring und Kamerabasierte Systeme, Anwendungs- und GUI-Entwicklung f\u00fcr IT-Systeme<br \/>\n&#8211; Projektkoordination von Softwareprojekten<\/p>\n<p>Das zeichnet Dich aus<br \/>\n&#8211; Ein abgeschlossenes Studium aus den Fachbereichen (FH\/TU\/TH\/Uni)<br \/>\n&#8211; Informatik, Mathematik, Physik, Ingenieurwesen<br \/>\n&#8211; o.\u00e4., daf\u00fcr mit passender Vorerfahrung<br \/>\n&#8211; Freude am Umgang mit neuen Technologien<br \/>\n&#8211; Kreativit\u00e4t und analytisches Denken<br \/>\n&#8211; Spa\u00df an der Arbeit im Team<\/p>\n<p>\u202aW\u00fcnschenswert:\u202c<br \/>\n\u202a- Linux\/Unix-Kenntnisse\u202c<br \/>\n\u202a- Erfahrung im Umgang mit Versionskontroll- und Bugtrackingsystemen (git, svn)\u202c[\/et_pb_text][\/et_pb_column][et_pb_column type=&#8220;1_3&#8243;][et_pb_image admin_label=&#8220;Image&#8220; src=&#8220;http:\/\/www.pixelpentagon.com\/wp-content\/uploads\/2014\/09\/facefront_temp2.jpg&#8220; show_in_lightbox=&#8220;off&#8220; url_new_window=&#8220;off&#8220; animation=&#8220;bottom&#8220; sticky=&#8220;off&#8220; \/][et_pb_counters admin_label=&#8220;Bar Counters&#8220; background_layout=&#8220;light&#8220; background_color=&#8220;#dddddd&#8220; bar_bg_color=&#8220;#2EA3F2&#8243;][et_pb_counter percent=&#8220;95&#8243;]VC++[\/et_pb_counter][et_pb_counter percent=&#8220;85&#8243;]C#[\/et_pb_counter][et_pb_counter percent=&#8220;60&#8243;]Java[\/et_pb_counter][\/et_pb_counters][\/et_pb_column][\/et_pb_row][\/et_pb_section][et_pb_section background_color=&#8220;#7EBEC5&#8243; background_image=&#8220;http:\/\/www.pixelpentagon.com\/wp-content\/uploads\/2014\/09\/bgcontact.jpg&#8220; transparent_background=&#8220;off&#8220; inner_shadow=&#8220;off&#8220; parallax=&#8220;off&#8220; parallax_method=&#8220;off&#8220;][et_pb_row][et_pb_column type=&#8220;4_4&#8243;][et_pb_cta admin_label=&#8220;Call To Action&#8220; title=&#8220;Wir kommen zusammen, einfach anfragen!&#8220; button_url=&#8220;http:\/\/www.pixelpentagon.com\/?page_id=268&#8243; button_text=&#8220;Hier gehts schnell&#8220; background_layout=&#8220;dark&#8220; background_color=&#8220;none&#8220; use_background_color=&#8220;on&#8220; text_orientation=&#8220;center&#8220;]Auch Freelancer sind herzlich Willkommen.[\/et_pb_cta][\/et_pb_column][\/et_pb_row][\/et_pb_section]<\/p>\n","protected":false},"excerpt":{"rendered":"<p><div class=\"et_pb_section et_pb_section_0 et_section_regular\" >\n\t\t\t\t\n\t\t\t\t\n\t\t\t\t\n\t\t\t\t\n\t\t\t\t\n\t\t\t\t\n\t\t\t\t\n\t\t\t\t\n\t\t\t\t\n\t\t\t<\/div><div class=\"et_pb_row et_pb_row_0 et_pb_row_empty\">\n\t\t\t\t\n\t\t\t\t\n\t\t\t\t\n\t\t\t\t\n\t\t\t\t\n\t\t\t<\/div> Webanwendungsentwickler\/in Deine Aufgaben:\u202c \u202a- Entwicklung moderner Web-Frontends\u202c \u202a- Erstellung von Responsive-Webseiten\u202c \u202a- Entwicklung von skalierbaren Internetplattformen und eCommerce Projekten auf Basis von Drupal, TYPO3, Magento\u202c und WP \u202a- Mitwirken bei Projektplanung und Aufwandssch\u00e4tzung f\u00fcr anstehende Projekte\u202c \u202a- Schnittstellenentwicklung zu Fremdsystemen (SOAP, REST, XML)\u202c \u202aDu zeichnest dich aus durch:\u202c \u202a- Gute Kenntnisse im Bereich der [&hellip;]<\/p>\n","protected":false},"author":1,"featured_media":0,"parent":0,"menu_order":0,"comment_status":"open","ping_status":"open","template":"","meta":{"_et_pb_use_builder":"on","_et_pb_old_content":"<p>Startseite Jobs<\/p>","_et_gb_content_width":"","footnotes":""},"class_list":["post-225","page","type-page","status-publish","hentry"],"_links":{"self":[{"href":"https:\/\/www.pixelpentagon.com\/index.php?rest_route=\/wp\/v2\/pages\/225","targetHints":{"allow":["GET"]}}],"collection":[{"href":"https:\/\/www.pixelpentagon.com\/index.php?rest_route=\/wp\/v2\/pages"}],"about":[{"href":"https:\/\/www.pixelpentagon.com\/index.php?rest_route=\/wp\/v2\/types\/page"}],"author":[{"embeddable":true,"href":"https:\/\/www.pixelpentagon.com\/index.php?rest_route=\/wp\/v2\/users\/1"}],"replies":[{"embeddable":true,"href":"https:\/\/www.pixelpentagon.com\/index.php?rest_route=%2Fwp%2Fv2%2Fcomments&post=225"}],"version-history":[{"count":60,"href":"https:\/\/www.pixelpentagon.com\/index.php?rest_route=\/wp\/v2\/pages\/225\/revisions"}],"predecessor-version":[{"id":695,"href":"https:\/\/www.pixelpentagon.com\/index.php?rest_route=\/wp\/v2\/pages\/225\/revisions\/695"}],"wp:attachment":[{"href":"https:\/\/www.pixelpentagon.com\/index.php?rest_route=%2Fwp%2Fv2%2Fmedia&parent=225"}],"curies":[{"name":"wp","href":"https:\/\/api.w.org\/{rel}","templated":true}]}}